2. What is the units digit of y?
9
Suppose -3 = -4*j - 23. Let x = 1 - j. Let z = -2 + x. What is the units digit of z?
4
Let u = -6 - -24. Suppose -4*o = -5*m - u, 0 - 20 = -4*o + 4*m. What is the units digit of o?
7
Suppose 5*v = -36 + 1166. What is the hundreds digit of v?
2
Suppose 5*q - 62 = 73. What is the units digit of q?
7
Suppose -952 = 8*n - 4000. What is the hundreds digit of n?
3
Suppose -5*o = -13 - 7. Let b be (-15)/20 - (-2)/(-8). Let g = b + o. What is the units digit of g?
3
Suppose 2*j - i = 4, 0*j = 2*j + 2*i - 10. What is the tens digit of -28*(3/(-2))/j?
1
Suppose 0*a + 16 = 2*a. Let x = -5 + a. What is the units digit of x?
3
Suppose l - 100 = -4*q, 0*q = -5*q + 3*l + 125. Suppose 3*y + 14 = -2*g - y, q = 5*g - 2*y. What is the units digit of g?
3
Let b = 11 - -15. What is the units digit of b?
6
Let u(y) = -5 + 7*y + 7*y**2 + 0*y - 3*y + 0 + y**3. What is the units digit of u(-6)?
7
Let u = 0 - -7. Suppose 3 - u = -d. What is the units digit of d?
4
Let a(h) = h**3 - 9*h**2 + 6*h - 4. Let d = 9 + 0. What is the tens digit of a(d)?
5
Let d = 21 - 12. Let h = 14 - d. What is the units digit of h?
5
What is the units digit of (-4)/22 - (-312)/22?
4
Let o be (-2)/6 + (-219)/(-9). Suppose 5*p + 2*z = -2*z + 25, 4*p - o = -4*z. What is the units digit of p?
1
Let n = -8 + 12. Suppose 0*w - w = -n. What is the units digit of w?
4
Let a = -279 - -594. What is the units digit of a?
5
Let l(f) = 9*f + 11. Let d be l(-6). What is the tens digit of (-3 - -4)*d*-1?
4
Let d be -2 + -2 + 2 + -13. Let b be 2*8/(-1 - 1). Let v = b - d. What is the units digit of v?
7
Suppose 0 - 2 = 2*h + 2*c, -3*h - c + 3 = 0. Suppose -j + 5*x + 2 = 0, -2*x - 31 = -5*j + h*x. What is the units digit of j?
7
Suppose -3*j - 30 = -6*j. Suppose 0 = -z - z - j. Let w = 11 - z. What is the tens digit of w?
1
Suppose 4*a + a = 60. What is the units digit of a?
2
Let v(p) = -p + 6. Let n be v(6). Let m be (-2)/(-4)*-1*n. Suppose m = -3*l + 2*l + 8. What is the units digit of l?
8
Suppose -2*k - 3*k - 20 = 0. Let p be ((-2)/(-4))/(k/40). Let x = p + 13. What is the units digit of x?
8
What is the units digit of 1 + (1 - 3) + 120?
9
Let c(y) be the second derivative of -y**4/12 - y**3 + 3*y**2 - y. Suppose -3*m + 12 = -5*m. What is the units digit of c(m)?
6
Let u(t) = t**3 - 5*t**2 + 2*t + 6. Let w be u(5). Let z = w + -26. What is the tens digit of (-134)/z - (-6)/10?
1
Suppose -j + 152 = j - l, -5*j + 380 = 4*l. What is the units digit of j?
6
What is the tens digit of 210/(-28)*8/(-6)?
1
Suppose k + k - 4 = i, 3*i + k - 9 = 0. Let a(d) = 8*d - d**i - 1 + 0*d**2 - 3*d. What is the units digit of a(4)?
3
Let c be -6*(2 + (-14)/6). Suppose 2*z - 2*a - 4 = -2*z, 0 = -5*z + c*a + 4. Suppose 0 = -k + 3*i - 6, -i + 23 = 2*k - z*k. What is the units digit of k?
9
Let p(r) = -r. Let z be (3/3)/(-1*1). What is the units digit of p(z)?
1
Let x(j) = -j**3 - 21*j**2 + 23*j + 55. What is the units digit of x(-22)?
3
Let r(m) = 4*m - 1. Let k be r(6). Let n = 58 - k. What is the units digit of n?
5
Let x(t) = 9*t**2 + 8*t + 10. What is the units digit of x(-5)?
5
Let j(z) = -z + 7. Suppose -3*i - 3*n - 6 = 0, -2*n - 8 = 2*n. What is the units digit of j(i)?
7
Suppose 0 = -4*a + a + 96. What is the tens digit of a?
3
What is the tens digit of (7*5)/((-4)/(-32)) - -2?
8
Let p be 3 + 0 - 0/1. Suppose -5*k + 90 = 2*s, 5*s - 42 = -2*k + p*s. What is the tens digit of k?
1
Let s be 2/8 + (-55)/(-20). Let u be 0/(s/(-6)*2). Let p = 9 - u. What is the units digit of p?
9
Suppose 0 = 4*g + n - 24, 5*g - 30 = 3*n - 0*n. Suppose 2*w = -3*z - 6, 3*z - g*z = 5*w + 24. Let p = w - -19. What is the units digit of p?
3
Let u(r) be the first derivative of -r**4/4 + 5*r**3/3 + 7*r**2/2 + 7*r + 2. What is the tens digit of u(6)?
1
Suppose 2 = 3*m - 1. Let j be (-1 - m) + -1 + 8. Let k = 11 - j. What is the units digit of k?
6
Let j be 3/12 - (-215)/4. Suppose 4*v = 5*g - 32, 4*g - j = 4*v - 22. What is the units digit of (-2)/v - 14/(-8)?
2
Let x be 2*(0 - -3)/3. What is the units digit of (-6)/((-3)/12*x)?
2
Let j(o) = -o + 11. Suppose -4*y + 2*l + 20 = -0*l, 24 = 4*y - 3*l. Suppose 2*f - 10 = -5*q, 7 = 2*f + 2*q - y. What is the units digit of j(f)?
6
Let y(i) be the first derivative of i**4/4 + 10*i**3/3 + 3*i**2/2 - i - 10. What is the tens digit of y(-9)?
5
Suppose 0*d - 2*d - 2 = 0, -5*l + 817 = 3*d. What is the tens digit of l?
6
Suppose -4*v + 3*h = -49, 0 = 5*v + 3*h - h - 44. Let a = -3 + v. What is the units digit of a?
7
Let z(g) = 24*g - 1. What is the tens digit of z(2)?
4
Suppose 4*i - 12 = -4*d, -4*d + 3*i = -3 + 12. Let x be (-2)/1 + 1 - -1. Suppose d = -x*v - 4*v + 68. What is the tens digit of v?
1
Let t = 1 - 1. What is the units digit of 5 - ((2 - t) + 1)?
2
Suppose 4*x - l + 514 = 0, 246 = -7*x + 5*x - 5*l. What is the units digit of (-2)/(-11) + x/(-22)?
6
Let g = 0 + 3. Suppose s - 3*s = -4*t - 28, -2*t = -g*s + 50. Let l = -11 + s. What is the units digit of l?
7
Suppose 0 = -4*t - 2*j + 898, -j - 374 = -4*t + 509. What is the hundreds digit of t?
2
Let y be (-6)/27 + 80/36. What is the units digit of (-35)/(-14) + y/4?
3
Let f(y) = y**3 + 8*y**2 - 8*y + 9. Let i be f(-9). Suppose i*v = -v + 3. What is the units digit of v?
3
Suppose 4*n - 20 = 3*s, 0*s = 5*s + 20. Suppose n*q - 6*q = -52. What is the tens digit of q?
1
Let f be -3*1/2*-2. Suppose 0*v + 36 = f*v. Suppose v - 45 = -3*j. What is the tens digit of j?
1
Let m = -27 - -80. What is the units digit of m?
3
Let c be ((-2)/4)/((-1)/12). Let s = 0 - c. Let p = s + 10. What is the units digit of p?
4
Let o = -10 + 15. Suppose -5*u + 89 = 4*n - 139, o*u = 20. What is the tens digit of n?
5
Let p be (44/(-8) - 2)*-4. Let f(x) = -x**2 - 5*x - 2. Let v be f(-3). Suppose -v*s + 0*m = -4*m, -5*m + p = 5*s. What is the units digit of s?
3
Suppose 0 = -3*r + c + c + 89, 2*c = r - 35. What is the tens digit of r?
2
Let x(f) = -15*f + 46. What is the units digit of x(-6)?
6
Let n(z) = z**3 + 4*z**2 + z - 3. Suppose 0 = 4*y - 0*y + 12. Let p be n(y). Suppose 2*x = p*x - 4. What is the units digit of x?
4
Suppose -28 = -4*r + 68. Suppose 2*l - 12 = 3*l. Let k = r + l. What is the units digit of k?
2
Suppose -2*q = -p + 82, 5*p + 0*q - 403 = 3*q. What is the tens digit of p?
8
Let x(l) = l**2 + 10*l + 12. Let q be x(-8). What is the units digit of (q - 0)/((-11)/22)?
8
Suppose -2*h = -3*h + 401. What is the units digit of h?
1
Let j(d) be the third derivative of -d**5/60 - 5*d**4/24 + 4*d**3/3 + 3*d**2. Let m be j(-6). Suppose 28 = m*h + 2*h. What is the units digit of h?
7
Suppose -5*m + 4*l + 123 = -49, -4*m - 3*l + 119 = 0. What is the tens digit of m?
3
Let s = 15 + -13. Suppose 3*c + m + 3 = 4*c, -3*c = s*m - 19. What is the units digit of c?
5
Let t = 90 + 3. What is the units digit of t?
3
Let j(b) = -b**2 + 3*b - 3. Let p be j(3). Let k = p + 3. Suppose 8*x - 3*x - 10 = k. What is the units digit of x?
2
Suppose -3*d + d = 4*g + 46, -g - 37 = 2*d. What is the units digit of (d/(-2))/((-2)/(-4))?
7
Suppose 3*t - 2*t - 33 = -5*l, 4*l - 30 = -2*t. What is the units digit of 2/(1/1) + l?
8
Let y(f) = f**2 - 22*f + 7. What is the units digit of y(22)?
7
Let q = 9 - 7. Let r be 3 + -1 - (q - 4). Suppose 53 = r*a + 13. What is the units digit of a?
0
Let w = -6 - -11. Suppose w*u - 9 - 11 = 0. What is the units digit of u?
4
Let z(r) = r**2 + 9*r + 8. Let x be z(-8). Suppose -2*s - 3*j = -5, -4*s + 2*s + 2*j + 30 = x. What is the tens digit of s?
1
Suppose 4*b - 647 = -a + 985, 0 = 5*b + 3*a - 2033. What is the hundreds digit of b?
4
Suppose -2 = 3*h - h. Let i = 2 - h. Suppose i*r = 3*t - 18, 4*t - 2 = -4*r + 22. What is the units digit of t?
6
Let b be (-18)/12*16/3. Let a = b + 21. What is the units digit of a?
3
Suppose 3*k = 2*k - j - 1, 0 = -2*k + 4*j + 16. Suppose -k*z + 1 + 5 = 0. What is the units digit of z?
3
Let o(s) be the first derivative of -s**3/3 + 9*s**2/2 - 3*s - 4. What is the tens digit of o(7)?
1
What is the units digit of 1/((-7105)/1778 + (1 - -3))?
4
Let i = 3 + -6. Let q = i + 3. Suppose -u + 2 = q, 2*u - 22 = -5*d + u. What is the units digit of d?
4
Let p(b) be the second derivative of -15*b**3/2 + b. What is the tens digit of p(-1)?
4
Let w(u) = u**3 + 5*u**2 + 10*u + 3. Let s(x) = -2*x**3